?
-2740
In base 5, what is -1 - 1432?
-1433
In base 2, what is 10101100000 + -10?
10101011110
In base 3, what is 202 - -2021?
10000
In base 5, what is -32 + 11?
-21
In base 12, what is -1 + -1011?
-1012
In base 9, what is 5 - -400?
405
In base 7, what is 34 - 42?
-5
In base 3, what is -212022 + 112?
-211210
In base 14, what is 2b + -24?
7
In base 5, what is -224 - -1234?
1010
In base 11, what is 24 + 88?
101
In base 15, what is 23b + -1?
23a
In base 3, what is 11100 - -1?
11101
In base 15, what is 280 + 0?
280
In base 14, what is -268 + -8?
-272
In base 13, what is 34 - 16?
1b
In base 15, what is 1 - -144?
145
In base 15, what is 0 + -394?
-394
In base 8, what is -14 - -2?
-12
In base 4, what is -13131 + -1?
-13132
In base 12, what is -27 - 17?
-42
In base 4, what is -1 - -12320?
12313
In base 8, what is 4 + -6?
-2
In base 7, what is -1 + -14?
-15
In base 15, what is -63 + 5?
-5d
In base 5, what is -13 + -123?
-141
In base 6, what is -5 + -30?
-35
In base 7, what is 564 - 0?
564
In base 5, what is 22 - -3131?
3203
In base 8, what is -6 + 55?
47
In base 5, what is -4 + -1203?
-1212
In base 3, what is 220 + -11120?
-10200
In base 6, what is 134 - 3?
131
In base 7, what is -505 - -3?
-502
In base 11, what is -23 - -40?
18
In base 14, what is -1360 - 0?
-1360
In base 2, what is -101 - -100100110?
100100001
In base 14, what is -37 + 1?
-36
In base 16, what is -92 + 57?
-3b
In base 11, what is -2a51 + 2?
-2a4a
In base 8, what is -33 - -13?
-20
In base 12, what is 46 + 0?
46
In base 3, what is -102 - -121101?
120222
In base 8, what is -2506 - -3?
-2503
In base 9, what is -1 - -42?
41
In base 14, what is -79 - 3?
-7c
In base 10, what is 9 + -2?
7
In base 7, what is 1 - -636?
640
In base 9, what is 22561 - -4?
22565
In base 8, what is 6 - 37?
-31
In base 10, what is 10 - -308?
318
In base 2, what is -1 - -101100?
101011
In base 10, what is -1 - -798?
797
In base 7, what is -51 + 0?
-51
In base 4, what is -3 - -2320?
2311
In base 3, what is -10 - -10002?
2222
In base 11, what is 3 + 13?
16
In base 10, what is -273 - 5?
-278
In base 3, what is -2 - -10202?
10200
In base 7, what is 3445 - 4?
3441
In base 12, what is 0 + -68?
-68
In base 8, what is -77 + -10?
-107
In base 3, what is -10100 + 122?
-2201
In base 3, what is 221 - 202?
12
In base 14, what is -157 - 5?
-15c
In base 3, what is -10022 - 21?
-10120
In base 15, what is c4 + 37?
10b
In base 15, what is -3b - 8?
-44
In base 6, what is 113233 + 2?
113235
In base 3, what is -2 + -10110011?
-10110020
In base 8, what is 3552 - 4?
3546
In base 14, what is -4 + -c?
-12
In base 16, what is 0 + -65?
-65
In base 7, what is -11246 - -5?
-11241
In base 7, what is 51 - 10?
41
In base 16, what is 61 - 3?
5e
In base 2, what is -1000000 - -111?
-111001
In base 3, what is -12 + 12212?
12200
In base 11, what is 3 + -a1?
-99
In base 7, what is -2 + 11022?
11020
In base 13, what is -3a - 13?
-50
In base 13, what is -18b - 1?
-18c
In base 11, what is -3 + 477?
474
In base 3, what is 10 + 21?
101
In base 2, what is -1 + 101011?
101010
In base 11, what is -1598 - 4?
-15a1
In base 3, what is -11 - 1111?
-1122
In base 11, what is -3 - -4233?
4230
In base 3, what is 110111120 + -10?
110111110
In base 5, what is -110 + 420?
310
In base 6, what is -20 + 34?
14
In base 14, what is -d8 - -1?
-d7
In base 14, what is 390 - 1?
38d
In base 5, what is 10 + -1103?
-1043
In base 6, what is 432 - -13?
445
In base 10, what is -549 + -1?
-550
In base 15, what is -11a - -5?
-115
In base 15, what is -dbe + -4?
-dc3
In base 10, what is -2 - 120?
-122
In base 4, what is -132 - -1?
-131
In base 12, what is 13 - -294?
2a7
In base 13, what is -96 + 3?
-93
In base 9, what is 1145 - 14?
1131
In base 7, what is -22 - -125?
103
In base 3, what is -1000 - 1002?
-2002
In base 3, what is 1 - -1121?
1122
In base 16, what is 1e - 12?
c
In base 5, what is 3 - 14301?
-14243
In base 10, what is -1895 + 0?
-1895
In base 4, what is 101 - 1323?
-1222
In base 7, what is 501 + -3?
465
In base 3, what is -2 - -112010?
112001
In base 13, what is 2 - -2b?
30
In base 7, what is 4 + 53?
60
In base 4, what is 1 + -2011?
-2010
In base 9, what is 102 + -27?
64
In base 7, what is 1 + -221?
-220
In base 5, what is -10 + -3111?
-3121
In base 14, what is -21 - -26?
5
In base 12, what is 0 - -93?
93
In base 3, what is 200 - -101?
1001
In base 2, what is -11001111 + 1000?
-11000111
In base 10, what is 32683 + 3?
32686
In base 9, what is -5 - -6?
1
In base 12, what is 8 + -1?
7
In base 14, what is -6 + 4bc?
4b6
In base 16, what is -bb8 + -5?
-bbd
In base 8, what is -4 - -612?
606
In base 12, what is -8 + -aa?
-b6
In base 5, what is -10 + 223?
213
In base 14, what is -16 - -d8?
c2
In base 7, what is -3 + -31132?
-31135
In base 15, what is -701 + 5?
-6eb
In base 2, what is -1011110 + -10010?
-1110000
In base 6, what is -3321 + -4?
-3325
In base 6, what is 3 - 34?
-31
In base 7, what is 3 + -16664?
-16661
In base 8, what is 5 + -275?
-270
In base 2, what is -100 - 101101111?
-101110011
In base 6, what is -55 - -13?
-42
In base 2, what is -11111111010000 - 101?
-11111111010101
In base 2, what is -11 - -1010110?
1010011
In base 7, what is -422 - 2?
-424
In base 3, what is -21 - -2020?
1222
In base 8, what is -20 + -67?
-107
In base 16, what is 5 + -5e4?
-5df
In base 15, what is a0 - 27?
78
In base 4, what is -12033 + -1013?
-13112
In base 9, what is 11 - 123?
-112
In base 10, what is 1567 + -3?
1564
In base 10, what is 8 + 812?
820
In base 13, what is -4 - -2b40?
2b39
In base 15, what is -4 + -9b?
-a0
In base 2, what is -10011111011 - 10?
-10011111101
In base 4, what is 120 - -2?
122
In base 4, what is 10 - 111023?
-111013
In base 14, what is -17 - 35d?
-376
In base 4, what is -33 + -30?
-123
In base 13, what is -530 - 5?
-535
In base 12, what is 32 + 15?
47
In base 5, what is -3 - 403?
-411
In base 2, what is -100000 - -1010011?
110011
In base 9, what is -2 - 354?
-356
In base 14, what is 41 + 1?
42
In base 10, what is 9 - 5?
4
In base 8, what is 10360 - 3?
10355
In base 4, what is 0 - 1003112?
-1003112
In base 8, what is -1 - 12051?
-12052
In base 16, what is 7 + 8a?
91
In base 5, what is -10 - -112?
102
In base 2, what is 1111011101 - 10?
1111011011
In base 9, what is 7 - -442?
450
In base 6, what is -34 + 3150?
3112
In base 16, what is -5 + 239?
234
In base 8, what is -22 - -24?
2
In base 10, what is -5 + -33?
-38
In base 2, what is -1 - 1011110?
-1011111
In base 16, what is 8d + 1?
8e
In base 5, what is 4 + -1100?
-1041
In base 8, what is 1027 - 4?
1023
In base 10, what is -4 - -254?
250
In base 9, what is 4 + 782?
786
In base 15, what is 2 - 4c?
-4a
In base 6, what is 55 + 204?
303
In base 11, what is 994 + 3?
997
In base 2, what is 101111011 - 1100?
101101111
In base 12, what is 25 - -9?
32
In base 13, what is -336 - 4?
-33a
In base 15, what is 7 - -47?
4e
In base 15, what is -4 + 62c?
628
In base 11, what is 67 + -11?
56
In base 3, what is 21022 - -1?
21100
In base 11, what is 36 - -a?
45
In base 14, what is 218 - -3?
21b
In base 6, what is 24 - -1?
25
In base 5, what is -1433 + -4?
-1442
In base 13, what is 5 - -31?
36
In base 7, what is 2 + -162?
-160
In base 6, what is -21001 - 4?
-21005
In base 2, what is 11 + -1110000001001?
-1110000000110
In base 5, what is 114 - 33?
31
In base 3, what is -202000220 - 12?
-202001002
In base 2, what is 101100010 - 101?
101011101
In base 8, what is -5 + 521?
514
In base 13, what is 114 - 3?
111
In base 10, what is 20 - -195?
215
In base 4, what is 0 + 32323?
32323
In base 10, what is -59 - -22?
-37
In base 15, what is 662 - 6?
65b
In base 6, what is -3011 - 120?
-3131
In base 5, what is 4 + -1404?
-1400
In base 12, what is 101 + 3?
104
In base 2, what is 1111011 + 10?
1111101
In base 9, what is -4 - 58?
-63
In base 4, what is 302002 - 1?
302001
In base 15, what is -d287 + 0?
-d287
In base 11, what is 586 - 4?
582
In base 2, what is 1100111001 - -11?
1100111100
In base 6, what is 1 + -533?
-532
In base 16, what is 15 - -3?
18
In base 7, what is -5 - -1221?
1213
In base 9, what is 267 - 52?
215
In base 5, what is -234 + -12?
-301
In base 4, what is -3 - -1011?
1002
In base 4, what is -10 + 11133?
11123
In base 14, what is 4 + 1b?
21
In base 3, what is 1110 + -2?
1101
In base 7, what is -2 - 16521?
-16523
In base 4, what is 113 - 1012